 = 10*a**2 + 5*a - 1. Let b be p(-2). Let x = 17 + b. List the prime factors of x.
2, 23
Let g(n) be the second derivative of 0 + 0*n**2 - 6*n + 8/3*n**4 - 1/6*n**3. List the prime factors of g(1).
31
What are the prime factors of 96/15*((-174)/(-12) + 3)?
2, 7
Let u = 33 - 30. Suppose -3*q - u = w - 31, -4*q + 3*w = -59. What are the prime factors of q?
11
Suppose 0 = -3*n + 10*a - 7*a + 2637, 0 = -2*a + 4. List the prime factors of n.
881
Let t = -29 - -49. Suppose 2*i = t - 102. Let k = 93 + i. List the prime factors of k.
2, 13
Suppose 5*j + g - 1525 = -3*g, -j = -3*g - 324. Suppose -5*f + j = 5*a + 69, 3*f - 92 = -2*a. List the prime factors of a.
2, 13
Suppose -457 = -r - w, -2*w + 440 - 2718 = -5*r. What are the prime factors of r?
2, 3, 19
Let u = -17 + 35. Let v = u - 15. What are the prime factors of (-2 + v)*(-6)/(-2)?
3
Let q be 1/(3/(-177))*-8. Let l = q + -285. List the prime factors of l.
11, 17
Suppose -w = -0*w - 9. Let r(f) = -f + 60*f**2 - 71*f**2 - f**3 - 11*f - w. What are the prime factors of r(-10)?
11
Suppose 2*f = -6*r + 5*r + 66, -4*r + 288 = -4*f. What are the prime factors of r?
2, 5, 7
Let u = -125 - -570. What are the prime factors of u?
5, 89
Suppose -m = -7 + 6. Let i be 3 + (m + -3)*-22. Suppose w = -5*u + i - 12, 0 = -5*u + 10. What are the prime factors of w?
5
Let f be (2/9)/(7/63). Suppose f*b + 2*b - 208 = 0. Suppose 6*g + b = 8*g. What are the prime factors of g?
2, 13
Let p(h) = 150*h - 7. Let f be p(2). Suppose j - s + 4*s = 55, -f = -5*j + 3*s. List the prime factors of j.
2, 29
Suppose -4*c - 17329 = -17*c. What are the prime factors of c?
31, 43
Let f(u) = -2*u**3 + 8*u**2 - 10*u - 29. What are the prime factors of f(-8)?
3, 23
Suppose -9 = -5*m + 5*j + 21, 0 = -2*m + j + 17. Suppose 15*v = m*v + 852. What are the prime factors of v?
3, 71
Let x = 192 - 42. List the prime factors of x.
2, 3, 5
Let r(d) = -d**2 - 34*d - 41. List the prime factors of r(-19).
2, 61
Let d(b) = 1 + 21*b**2 - 5 - 10*b - 22*b**2. What are the prime factors of d(-8)?
2, 3
Let v = -369 - -2109. List the prime factors of v.
2, 3, 5, 29
Let y(a) = -a**3 - 11*a**2 - a + 9. Let q be y(-8). Let l = -95 - q. List the prime factors of l.
2, 5
Suppose 46566 = 461*b - 443*b. What are the prime factors of b?
13, 199
Let x be 0 + -4 + -26 + -4. Let s = -26 - x. Suppose 0 = z - 4*y - 73, 1 + s = -3*y. What are the prime factors of z?
61
Let h = -65 - -68. Suppose 0 = -4*o + 274 + 126. Suppose c = 5*n - 0*c - o, -n = h*c - 4. List the prime factors of n.
19
Suppose 4*l + 88 = 3*a, -l + 6*l + 105 = 5*a. List the prime factors of (-535)/l + (-6)/(-10).
2, 11
Suppose 0*v = -5*v + 15. Let u = 60 + v. Suppose -5*i + 62 + u = 0. List the prime factors of i.
5
What are the prime factors of (-171171)/(-30) + (-27)/(-90)?
2, 3, 317
Suppose 228 = -32*g + 1220. What are the prime factors of g?
31
Let l = -119 + 104. What are the prime factors of (-30)/4*410/l?
5, 41
Suppose v = -0 + 2. List the prime factors of 66 - (v + -2 + 0).
2, 3, 11
Suppose -2*f = 214 - 430. What are the prime factors of f?
2, 3
Let h(m) = 3*m - 8. Let q be h(11). Suppose -10 = r + 2*o, 4*r + 15 = -5*o - q. Let x(z) = z**2 + 8*z + 6. What are the prime factors of x(r)?
2, 13
Suppose 5*g + 8*g - 7384 = 0. List the prime factors of g.
2, 71
Let k = 110 - -401. List the prime factors of k.
7, 73
Let k(l) = -l**3 - 9*l**2 - 4*l + 18. Let o be k(-8). List the prime factors of ((-780)/o)/2 + 6/42.
2, 7
Let i be 0/(3 - (-12)/(-3)). Let v(z) = -3 + 24 + i*z + 4*z. List the prime factors of v(9).
3, 19
Let o = -2 - -4. Suppose v = 3*h, -o*v + 56 = 3*v - h. Suppose -v = 5*t - 67. What are the prime factors of t?
11
Let s(n) = 1708*n + 64. List the prime factors of s(1).
2, 443
Suppose g = 5*y - 93, -2*g + 6 = 2. Let z = y + -10. Suppose -4*r + r + z = 0. What are the prime factors of r?
3
Suppose -6*g = -921 - 285. What are the prime factors of g?
3, 67
Suppose 9*c - 69 - 147 = 0. Let y = c + 199. What are the prime factors of y?
223
Let u = 387 + -268. What are the prime factors of (u - 0) + 6 + -5?
2, 3, 5
Let k = 272 + 187. What are the prime factors of k?
3, 17
List the prime factors of 3/1*67/(134/936).
2, 3, 13
Let b = 2421 - 1655. List the prime factors of b.
2, 383
Suppose -8*l + 3*l + 488 = 4*f, 212 = 2*l - 4*f. What are the prime factors of l?
2, 5
Let y(u) = -u + 5. Suppose -3*f - f = 28. Let r be y(f). List the prime factors of (-4 - (-56)/r)*6.
2
Let p(m) = -m + 1. Let s(b) = -18*b + 36. Let j(n) = 36*p(n) - s(n). Let u(i) = 2*i**3 - 11*i**2 - 8*i + 11. Let t be u(6). List the prime factors of j(t).
2, 3
Suppose 5*h - 63 = 1997. List the prime factors of h.
2, 103
Suppose 0 = 5*p - 4*p - 4*g - 411, -p + 406 = g. List the prime factors of p.
11, 37
Let u be 238/85*5/2. Suppose 2*v - u*v + 10 = 0. Suppose 5*h + 2*k - 29 = 2, -v*h = 5*k - 4. What are the prime factors of h?
7
What are the prime factors of (-42)/(-140) + 2177/10?
2, 109
Let r(p) = 2*p**2 + 9*p - 5. Let d be r(-5). Suppose -2*v + 7*v - 185 = -5*f, d = -3*v. What are the prime factors of f?
37
Let j = 919 - 543. List the prime factors of j.
2, 47
Suppose -z = 5, 2*m - 2*z = -z - 3. Let q be 10/40 - 363/m. Let k = 136 - q. What are the prime factors of k?
3, 5
Let h be ((-22)/33)/(4/(-306)). Let j be 4750/85 - (-6)/h. List the prime factors of ((-10)/(-4))/(14/j).
2, 5
Let c = -9 - -55. Let p = c + -20. Let o = p + -9. What are the prime factors of o?
17
Let s = 372 + 448. List the prime factors of s.
2, 5, 41
Let r(z) = 19*z - 18. Let n be r(4). Suppose -n*l + 53*l + 655 = 0. List the prime factors of l.
131
Let w(s) = s**2 - 50*s + 103. What are the prime factors of w(60)?
19, 37
Suppose 5*s - 45 = -4*f, 4*f - f + 5 = 4*s. Suppose 2*x = s*x + 42. Let a = x + 23. What are the prime factors of a?
3
Let j = 5 - 9. What are the prime factors of (42/(-4))/(j/8)?
3, 7
Suppose -2*s - 20*y + 21*y = -66, -5*s = 3*y - 176. Suppose 57 = -4*v - 19. Let g = v + s. List the prime factors of g.
3, 5
Suppose 0*f + 4*f - 252 = 0. Suppose i - 2 = f. What are the prime factors of i?
5, 13
Suppose 4*a = 3*x + 5*a + 407, -288 = 2*x + 4*a. Let m = x - -233. What are the prime factors of m?
3, 11
What are the prime factors of 4782/8*8/6?
797
List the prime factors of 37/222 - 239/(-6).
2, 5
Let b(v) be the first derivative of 7*v**2/2 + 26*v - 2. List the prime factors of b(13).
3, 13
Let x = 42 + -24. What are the prime factors of (x/(-5))/((-1)/15)?
2, 3
Let x = -4931 - -7069. List the prime factors of x.
2, 1069
Suppose -3*d - p - 5444 = -7*d, p = -4*d + 5436. Suppose 0 = -16*s + 8*s + d. What are the prime factors of s?
2, 5, 17
Let o(h) = 974*h**2 + 4*h - 2. List the prime factors of o(1).
2, 61
Let b(i) = -i**3 - 8*i**2 - 15*i + 11. Let t be b(-8). Suppose h = u + t, -3*h - h + 2*u + 516 = 0. Let a = 186 - h. List the prime factors of a.
59
Suppose -2*r = -5*d - 100, 4*r + 6*d - 200 = 5*d. What are the prime factors of r?
2, 5
Suppose 2*k - 119 = k. Suppose 77 = 4*d - k. List the prime factors of d.
7
Suppose 4*i - 4 = -2*l - 8, 2*l + 7 = -5*i. Suppose l*x = x + 282. What are the prime factors of x?
2, 47
Let d = -13 - -14. What are the prime factors of (d/(-2))/((-2)/24)?
2, 3
What are the prime factors of (-10)/6*45096/(-40)?
1879
Let i be 2*(-6)/(-4)*(-25)/15. Let v = 190 - i. List the prime factors of v.
3, 5, 13
List the prime factors of 3/2*2 + (4823 - -102).
2, 7, 11
What are the prime factors of 4676 - (-7 - (-10 + -1))?
2, 73
Suppose 6*z - 5*d = z, -4*z - 3*d = -7. Suppose 2*t + 4 - 2 = 5*p, -2*p - z = -t. What are the prime factors of t?
3
Let m(v) = -5*v**2 + 60*v + 8. What are the prime factors of m(10)?
2, 3
Suppose -4*n = 4*h - 2600, -4*h - 8 = 4. Suppose -881 = -5*f + 3*u, -4*f - 2*u + n = -43. What are the prime factors of f?
5, 7
Suppose 0 = 7*x - 17051 + 7209. What are the prime factors of x?
2, 19, 37
Suppose -5*a - 491 = 2*d, -326 - 423 = 3*d - 5*a. List the prime factors of 3/(-2)*(d/6)/2.
31
Let y(t) = t**3 + 7*t**2 + 5*t + 9. Suppose -2*a + 3 = 13. What are the prime factors of y(a)?
2, 17
Suppose -y = 2*i + 2*i + 81, -4*i - 421 = 5*y. Let z = y - -176. List the prime factors of z.
7, 13
Suppose -10 = -r - 4*r. Suppose -5*a - 23 = -r*b, -a = 2*b - 28 - 13. List the prime factors of b.
19
Let l(j) = j*